{"id":9177,"date":"2023-02-09T15:09:47","date_gmt":"2023-02-09T12:09:47","guid":{"rendered":"https:\/\/dostlarkoltukyikama.com.tr\/TR\/?page_id=9177"},"modified":"2023-02-09T16:17:44","modified_gmt":"2023-02-09T13:17:44","slug":"profesyonel-yatak-yikama","status":"publish","type":"page","link":"https:\/\/www.dostlarkoltukyikama.com.tr\/index.php\/ankara-hali-koltuk-yikama-hizmetleri\/profesyonel-yatak-yikama\/","title":{"rendered":"Profesyonel Yatak Y\u0131kama"},"content":{"rendered":"\t\t<div data-elementor-type=\"wp-page\" data-elementor-id=\"9177\" class=\"elementor elementor-9177\">\n\t\t\t\t\t\t\t        <section class=\"elementor-section elementor-top-section elementor-element elementor-element-42e0d28 elementor-section-boxed elementor-section-height-default elementor-section-height-default ct-header-fixed-none ct-column-none ct-row-scroll-none ct-row-gradient--none\" data-id=\"42e0d28\" data-element_type=\"section\">\n            \n                        <div class=\"elementor-container elementor-column-gap-default \">\n                    <div class=\"elementor-column elementor-col-100 elementor-top-column elementor-element elementor-element-1b16ea5 ct-column-none col-offset-none col-color-offset-none\" data-id=\"1b16ea5\" data-element_type=\"column\">\n            <div class=\"elementor-widget-wrap elementor-element-populated\">\n                        \t\t<div class=\"elementor-element elementor-element-404b913 elementor-widget elementor-widget-text-editor\" data-id=\"404b913\" data-element_type=\"widget\" data-widget_type=\"text-editor.default\">\n\t\t\t\t<div class=\"elementor-widget-container\">\n\t\t\t<style>\/*! elementor - v3.10.2 - 29-01-2023 *\/\n.elementor-widget-text-editor.elementor-drop-cap-view-stacked .elementor-drop-cap{background-color:#818a91;color:#fff}.elementor-widget-text-editor.elementor-drop-cap-view-framed .elementor-drop-cap{color:#818a91;border:3px solid;background-color:transparent}.elementor-widget-text-editor:not(.elementor-drop-cap-view-default) .elementor-drop-cap{margin-top:8px}.elementor-widget-text-editor:not(.elementor-drop-cap-view-default) .elementor-drop-cap-letter{width:1em;height:1em}.elementor-widget-text-editor .elementor-drop-cap{float:left;text-align:center;line-height:1;font-size:50px}.elementor-widget-text-editor .elementor-drop-cap-letter{display:inline-block}<\/style>\t\t\t\t<p style=\"text-align: justify;\">Yatak y\u0131kama uzmanl\u0131k gerektiren bir meslektir. Ankara Yatak Y\u0131kama Firmas\u0131 y\u0131llardan beri tek i\u015fi koltuk y\u0131kama ve yatak y\u0131kama olarak personellerimize sadece yatak y\u0131kama koltuk y\u0131kama g\u00fcler y\u00fczl\u00fc hizmet ve kaliteyi \u00f6n planda tutarak profesyonel \u015fekilde e\u011fitim vermekteyiz.<\/p><p style=\"text-align: justify;\">Bu y\u00fczden bizi di\u011fer firmalardan ay\u0131ran en \u00f6nemli \u00f6zellik uzman personel kaliteli hizmet g\u00fcler y\u00fczl\u00fc ekip son teknoloji ekipmanlard\u0131r.<\/p><p style=\"text-align: justify;\">Her ne kadar yatak y\u00fczeyini silerek temizlemeye \u00e7al\u0131\u015fsan\u0131z da kirler daha \u00e7ok i\u00e7eriye g\u00f6m\u00fclecektir ve zamanla daha sa\u011fl\u0131ks\u0131z bir yatakla kar\u015f\u0131 kar\u015f\u0131ya kalacaks\u0131n\u0131z.<\/p><p style=\"text-align: justify;\">Yataklar\u0131 silerek temizlemek yerine y\u0131kayarak temizlemek daha iyi sonu\u00e7lar do\u011furacakt\u0131r.<\/p><p style=\"text-align: justify;\">Yatak temizleme hizmetimiz ile birlikte koltuk ve yata\u011f\u0131n\u0131z\u0131n i\u00e7erisine gizlenmi\u015f olan mayt ve bakterileri kirleri \u00f6zel makineler ile birlikte temizliyoruz ve k\u0131sa s\u00fcrede temiz bir koltuk ve yatak ile kavu\u015fman\u0131z\u0131 sa\u011fl\u0131yoruz.<\/p><p style=\"text-align: justify;\">Ankara Yatak Y\u0131kama Firmam\u0131z Yataklar\u0131n\u0131z\u0131 en uygun \u015fekilde y\u0131kayarak kurumas\u0131n\u0131 sa\u011flamaktad\u0131r. \u0130\u00e7erisi iyi kurumayan yataklarda zamanla bir koku ve \u00e7\u00fcr\u00fcme meydana gelecektir.<\/p><p style=\"text-align: justify;\">Bu sebeple Yatak temizleme i\u015flemlerini kendiniz de\u011fil Ankara yatak y\u0131kama firmam\u0131z arac\u0131l\u0131\u011f\u0131 ile yapabilirsiniz. En uygun koltuk y\u0131kama yatak y\u0131kama fiyatlar\u0131 ile hizmet veren firmam\u0131z\u0131n profesyonel kadrosu ile birlikte m\u00fckemmel sonu\u00e7lar elde edebilirsiniz.<\/p><p style=\"text-align: justify;\"><strong>YATAK YIKAMA A\u015eAMALARI<\/strong><\/p><div style=\"text-align: justify;\"><em>1. Yatak ilk \u00f6nce emi\u015f g\u00fcc\u00fc y\u00fcksek sanayi tipi makinam\u0131zla vakkumlanarak tozlardan ar\u0131nd\u0131r\u0131l\u0131r,<\/em><\/div><div style=\"text-align: justify;\">\u00a0<\/div><div style=\"text-align: justify;\"><em>2. Yatak kuma\u015f\u0131 incelenerek uygun \u00f6zel kar\u0131\u015f\u0131ml\u0131 yatak \u015fampuan\u0131 ve y\u0131kama sitili se\u00e7ilir.<\/em><\/div><div style=\"text-align: justify;\">\u00a0<\/div><div style=\"text-align: justify;\"><em>3. Daha sonra yatak \u00f6zel kar\u0131\u015f\u0131ml\u0131 yatak yikama \u015fampuanl\u0131 suyla kar\u0131\u015ft\u0131r\u0131larak yatak yikama i\u015flemi ba\u015flat\u0131l\u0131r , yatak spreyleme y\u00f6ntemi ile hafif\u00e7e \u0131slat\u0131larak kirlerin ve lekelerin yumu\u015fat\u0131lmas\u0131 sa\u011flan\u0131r..<\/em><\/div><div style=\"text-align: justify;\">\u00a0<\/div><div style=\"text-align: justify;\"><em>4. Yikama i\u015flemine ge\u00e7meden \u00f6nce \u00e7ok a\u015f\u0131r\u0131 kirli ve lekeli k\u0131s\u0131mlar kir ve leke s\u00f6k\u00fcc\u00fclerle kuma\u015fa zarar vermiyecek hassasiyette hafif\u00e7e f\u0131r\u00e7alan\u0131r.<\/em><\/div><div style=\"text-align: justify;\">\u00a0<\/div><div style=\"text-align: justify;\"><em>5. Bundan sonra y\u0131kama i\u015flemine ge\u00e7ilir,bu i\u015flemde yata\u011f\u0131n b\u00fct\u00fcn kuma\u015f kapl\u0131 y\u00fczeyleri sanayi tipi yatak yikama<\/em><\/div>\t\t\t\t\t\t<\/div>\n\t\t\t\t<\/div>\n\t\t            <\/div>\n        <\/div>\n                            <\/div>\n        <\/section>\n        \t\t\t\t\t<\/div>\n\t\t","protected":false},"excerpt":{"rendered":"<p>Yatak y\u0131kama uzmanl\u0131k gerektiren bir meslektir. Ankara Yatak Y\u0131kama Firmas\u0131 y\u0131llardan beri tek i\u015fi koltuk y\u0131kama ve yatak y\u0131kama olarak personellerimize sadece yatak y\u0131kama koltuk y\u0131kama g\u00fcler y\u00fczl\u00fc hizmet ve kaliteyi \u00f6n planda tutarak profesyonel \u015fekilde e\u011fitim vermekteyiz. Bu y\u00fczden bizi di\u011fer firmalardan ay\u0131ran en \u00f6nemli \u00f6zellik uzman personel kaliteli hizmet g\u00fcler y\u00fczl\u00fc ekip son [&hellip;]<\/p>\n","protected":false},"author":1,"featured_media":0,"parent":35,"menu_order":0,"comment_status":"closed","ping_status":"closed","template":"","meta":{"footnotes":""},"class_list":["post-9177","page","type-page","status-publish","hentry"],"_links":{"self":[{"href":"https:\/\/www.dostlarkoltukyikama.com.tr\/index.php\/wp-json\/wp\/v2\/pages\/9177","targetHints":{"allow":["GET"]}}],"collection":[{"href":"https:\/\/www.dostlarkoltukyikama.com.tr\/index.php\/wp-json\/wp\/v2\/pages"}],"about":[{"href":"https:\/\/www.dostlarkoltukyikama.com.tr\/index.php\/wp-json\/wp\/v2\/types\/page"}],"author":[{"embeddable":true,"href":"https:\/\/www.dostlarkoltukyikama.com.tr\/index.php\/wp-json\/wp\/v2\/users\/1"}],"replies":[{"embeddable":true,"href":"https:\/\/www.dostlarkoltukyikama.com.tr\/index.php\/wp-json\/wp\/v2\/comments?post=9177"}],"version-history":[{"count":4,"href":"https:\/\/www.dostlarkoltukyikama.com.tr\/index.php\/wp-json\/wp\/v2\/pages\/9177\/revisions"}],"predecessor-version":[{"id":9288,"href":"https:\/\/www.dostlarkoltukyikama.com.tr\/index.php\/wp-json\/wp\/v2\/pages\/9177\/revisions\/9288"}],"up":[{"embeddable":true,"href":"https:\/\/www.dostlarkoltukyikama.com.tr\/index.php\/wp-json\/wp\/v2\/pages\/35"}],"wp:attachment":[{"href":"https:\/\/www.dostlarkoltukyikama.com.tr\/index.php\/wp-json\/wp\/v2\/media?parent=9177"}],"curies":[{"name":"wp","href":"https:\/\/api.w.org\/{rel}","templated":true}]}}